%PDF- %PDF-
| Direktori : /home/tjamichg/access-logs/ |
| Current File : //home/tjamichg/access-logs/tjamich.gob.mx |
66.249.70.200 - - [04/Feb/2026:06:15:28 -0600] "GET /sisofi_2018/uploads/10-10-2019/VIRIDIANA_SARAHI_GUILLEN_CARRENO.jpg HTTP/1.1" 301 342 "-" "Googlebot-Image/1.0"
98.89.254.180 - - [04/Feb/2026:06:22:46 -0600] "GET /robots.txt HTTP/1.1" 301 285 "-" "Mozilla/5.0 (Macintosh; Intel Mac OS X 10_10_1) AppleWebKit/600.2.5 (KHTML, like Gecko) Version/8.0.2 Safari/600.2.5 (TestUserAgent)"
49.0.204.15 - - [04/Feb/2026:06:26:20 -0600] "GET /sisofi_2018/uploads/24-10-2023/I-RELACION-DE-BIENES-MUEBLES_31122022.pdf HTTP/1.1" 301 343 "-" "Mozilla/5.0 (Windows NT 10.0; Win64; x64) AppleWebKit/537.36 (KHTML, like Gecko) Chrome/145.0.0.0 Safari/537.36"
49.0.204.15 - - [04/Feb/2026:06:26:24 -0600] "GET /sisofi_2018/uploads/24-10-2023/I-RELACION-DE-BIENES-MUEBLES_31122022.pdf HTTP/1.1" 301 343 "-" "Mozilla/5.0 (Windows NT 10.0; Win64; x64) AppleWebKit/537.36 (KHTML, like Gecko) Chrome/145.0.0.0 Safari/537.36"
49.0.204.15 - - [04/Feb/2026:06:26:27 -0600] "GET /sisofi_2018/uploads/24-10-2023/I-RELACION-DE-BIENES-MUEBLES_31122022.pdf HTTP/1.1" 301 343 "-" "Mozilla/5.0 (Windows NT 10.0; Win64; x64) AppleWebKit/537.36 (KHTML, like Gecko) Chrome/145.0.0.0 Safari/537.36"
43.155.22.142 - - [04/Feb/2026:06:36:22 -0600] "GET /sisofi_2018/uploads/17-01-2023/18.Gasto_por_categoria_programatica_31122022.pdf HTTP/1.1" 301 350 "-" "Mozilla/5.0 (Windows NT 10.0; Win64; x64) AppleWebKit/537.36 (KHTML, like Gecko) Chrome/141.0.0.0 Safari/537.36"
66.249.70.200 - - [04/Feb/2026:06:29:23 -0600] "GET /sisofi_2018/uploads/10-10-2019/ANA_IRAIS_MARTINEZ_GARCIA.jpg HTTP/1.1" 301 335 "-" "Googlebot-Image/1.0"
124.243.182.43 - - [04/Feb/2026:06:31:03 -0600] "GET /sisofi_2018/uploads/15-07-2019/1.Estado_de_situacion_financiera_3062019.pdf HTTP/1.1" 301 346 "-" "Mozilla/5.0 (Windows NT 10.0; Win64; x64) AppleWebKit/537.36 (KHTML, like Gecko) Chrome/145.0.0.0 Safari/537.36"
111.119.220.237 - - [04/Feb/2026:06:37:06 -0600] "GET /sisofi_2018/uploads/14-07-2022/7-NOTAS_31_06_22.docx HTTP/1.1" 301 323 "http://tjamich.gob.mx/sisofi_2018/uploads/14-07-2022/7-NOTAS_31_06_22.docx" "Mozilla/5.0 (Macintosh; Intel Mac OS X 10_15_7) AppleWebKit/537.36 (KHTML, like Gecko) Chrome/119.0.0.0 Safari/537.36"
216.244.66.234 - - [04/Feb/2026:06:40:03 -0600] "GET /robots.txt HTTP/1.1" 301 285 "-" "Mozilla/5.0 (compatible; DotBot/1.2; +https://opensiteexplorer.org/dotbot; help@moz.com)"
66.249.70.199 - - [04/Feb/2026:06:43:39 -0600] "GET /sisofi_2018/uploads/10-10-2019/SINDI_ESCARLET_MEJIA_AVALOS.jpg HTTP/1.1" 301 337 "-" "Googlebot-Image/1.0"
34.158.156.166 - - [04/Feb/2026:06:43:49 -0600] "GET /Igualdad-de-Genero-MujeresIgualdad-de-Genero/sentencias/JAR-0026-2022-II.pdf HTTP/1.1" 301 351 "-" "Mozilla/5.0 (Macintosh; Intel Mac OS X 10_15_7) AppleWebKit/537.36 (KHTML, like Gecko) Chrome/120.0.0.0 Safari/537.36"
111.119.232.188 - - [04/Feb/2026:06:55:05 -0600] "GET /sisofi_2018/uploads/25-04-2023/14.Egresos_por_clasificacion_economica_por_tipo_de_gasto_3132023.pdf HTTP/1.1" 301 374 "-" "Mozilla/5.0 (Windows NT 10.0; Win64; x64) AppleWebKit/537.36 (KHTML, like Gecko) Chrome/141.0.0.0 Safari/537.36"
111.119.232.188 - - [04/Feb/2026:06:55:07 -0600] "GET /sisofi_2018/uploads/25-04-2023/14.Egresos_por_clasificacion_economica_por_tipo_de_gasto_3132023.pdf HTTP/1.1" 301 374 "-" "Mozilla/5.0 (Windows NT 10.0; Win64; x64) AppleWebKit/537.36 (KHTML, like Gecko) Chrome/141.0.0.0 Safari/537.36"
111.119.232.188 - - [04/Feb/2026:06:55:10 -0600] "GET /sisofi_2018/uploads/25-04-2023/14.Egresos_por_clasificacion_economica_por_tipo_de_gasto_3132023.pdf HTTP/1.1" 301 374 "-" "Mozilla/5.0 (Windows NT 10.0; Win64; x64) AppleWebKit/537.36 (KHTML, like Gecko) Chrome/141.0.0.0 Safari/537.36"
66.249.70.198 - - [04/Feb/2026:06:55:19 -0600] "GET /sisofi_2018/uploads/29-03-2022/MONSERRAT-ERANDI-AMBROSIO-MONDRAGON.pdf HTTP/1.1" 301 345 "-" "Mozilla/5.0 (Linux; Android 6.0.1; Nexus 5X Build/MMB29P) AppleWebKit/537.36 (KHTML, like Gecko) Chrome/144.0.7559.109 Mobile Safari/537.36 (compatible; Googlebot/2.1; +http://www.google.com/bot.html)"
66.249.70.200 - - [04/Feb/2026:06:58:14 -0600] "GET /sisofi_2018/uploads/10-10-2019/AMERICA_TORRES_VIDALES.jpg HTTP/1.1" 301 332 "-" "Googlebot-Image/1.0"
34.178.51.186 - - [04/Feb/2026:07:08:55 -0600] "GET /Presidencia9a-7722.pdf HTTP/1.1" 301 297 "-" "Mozilla/5.0 (Macintosh; Intel Mac OS X 10_15_7) AppleWebKit/537.36 (KHTML, like Gecko) Chrome/120.0.0.0 Safari/537.36"
52.167.144.67 - - [04/Feb/2026:07:11:33 -0600] "GET /robots.txt HTTP/1.1" 301 285 "-" "Mozilla/5.0 AppleWebKit/537.36 (KHTML, like Gecko; compatible; bingbot/2.0; +http://www.bing.com/bingbot.htm) Chrome/116.0.1938.76 Safari/537.36"
40.77.167.23 - - [04/Feb/2026:07:11:42 -0600] "GET /sisofi_2018/uploads/25-10-2022/F5_EAID_3092022.pdf HTTP/1.1" 301 325 "-" "Mozilla/5.0 AppleWebKit/537.36 (KHTML, like Gecko; compatible; bingbot/2.0; +http://www.bing.com/bingbot.htm) Chrome/116.0.1938.76 Safari/537.36"
202.142.146.84 - - [04/Feb/2026:07:15:56 -0600] "GET /wp-login.php HTTP/1.1" 301 280 "https://www.google.com/" "Mozilla/5.0 (Macintosh; Intel Mac OS X 10_15_7) AppleWebKit/537.36 (KHTML, like Gecko) Chrome/121.0.0.0 Safari/537.36"
166.108.228.49 - - [04/Feb/2026:07:19:14 -0600] "GET /sisofi_2018/uploads/15-07-2019/F6d.Clasificacion_de_Servicios_Personales_por_Categoria-30-06-19.pdf HTTP/1.1" 301 370 "-" "Mozilla/5.0 (Windows NT 10.0; Win64; x64) AppleWebKit/537.36 (KHTML, like Gecko) Chrome/145.0.0.0 Safari/537.36"
166.108.228.49 - - [04/Feb/2026:07:19:17 -0600] "GET /sisofi_2018/uploads/15-07-2019/F6d.Clasificacion_de_Servicios_Personales_por_Categoria-30-06-19.pdf HTTP/1.1" 301 370 "-" "Mozilla/5.0 (Windows NT 10.0; Win64; x64) AppleWebKit/537.36 (KHTML, like Gecko) Chrome/145.0.0.0 Safari/537.36"
166.108.228.49 - - [04/Feb/2026:07:19:19 -0600] "GET /sisofi_2018/uploads/15-07-2019/F6d.Clasificacion_de_Servicios_Personales_por_Categoria-30-06-19.pdf HTTP/1.1" 301 370 "-" "Mozilla/5.0 (Windows NT 10.0; Win64; x64) AppleWebKit/537.36 (KHTML, like Gecko) Chrome/145.0.0.0 Safari/537.36"
216.244.66.234 - - [04/Feb/2026:07:28:09 -0600] "GET /robots.txt HTTP/1.1" 301 285 "-" "Mozilla/5.0 (compatible; DotBot/1.2; +https://opensiteexplorer.org/dotbot; help@moz.com)"
66.249.70.200 - - [04/Feb/2026:07:28:14 -0600] "GET /sisofi_2018/uploads/10-10-2019/ANA_IRAIS_MARTINEZ_GARCIA.jpg HTTP/1.1" 301 335 "-" "Googlebot-Image/1.0"
20.245.224.81 - - [04/Feb/2026:07:40:03 -0600] "GET /registro-capacitacion-jel/RegistroForo-ProtecciondeDatosPersonales HTTP/1.1" 301 341 "-" "Mozilla/5.0 (Windows NT 11.0; Win64; x64) AppleWebKit/537.36 (KHTML, like Gecko) Chrome/130.0.6387.184 Safari/537.36"
20.245.224.81 - - [04/Feb/2026:07:40:05 -0600] "GET /registro-capacitacion-jel/RegistroForo-ProtecciondeDatosPersonales HTTP/1.1" 301 341 "-" "Mozilla/5.0 (Windows NT 10.0; Win64; x64) AppleWebKit/537.36 (KHTML, like Gecko) Chrome/131.0.6087.119 Safari/537.36"
124.243.169.6 - - [04/Feb/2026:07:40:06 -0600] "GET /sisofi_2018/uploads/02-05-2022/F6b_EAEPED_CA_3132022.pdf HTTP/1.1" 301 331 "-" "Mozilla/5.0 (Windows NT 10.0; Win64; x64) AppleWebKit/537.36 (KHTML, like Gecko) Chrome/141.0.0.0 Safari/537.36"
124.243.169.6 - - [04/Feb/2026:07:40:09 -0600] "GET /sisofi_2018/uploads/02-05-2022/F6b_EAEPED_CA_3132022.pdf HTTP/1.1" 301 331 "-" "Mozilla/5.0 (Windows NT 10.0; Win64; x64) AppleWebKit/537.36 (KHTML, like Gecko) Chrome/141.0.0.0 Safari/537.36"
124.243.169.6 - - [04/Feb/2026:07:40:11 -0600] "GET /sisofi_2018/uploads/02-05-2022/F6b_EAEPED_CA_3132022.pdf HTTP/1.1" 301 331 "-" "Mozilla/5.0 (Windows NT 10.0; Win64; x64) AppleWebKit/537.36 (KHTML, like Gecko) Chrome/141.0.0.0 Safari/537.36"
91.84.108.172 - - [04/Feb/2026:07:48:53 -0600] "POST /wp-login.php HTTP/1.1" 301 280 "http://tjamich.gob.mx/wp-login.php" "Mozilla/5.0 (Windows NT 10.0; Win64; x64) AppleWebKit/537.36 (KHTML, like Gecko) Chrome/123.0.0.0 Safari/537.36"
91.84.108.172 - - [04/Feb/2026:07:48:54 -0600] "POST /wp-login.php HTTP/1.1" 301 280 "http://tjamich.gob.mx/wp-login.php" "Mozilla/5.0 (Windows NT 10.0; Win64; x64) AppleWebKit/537.36 (KHTML, like Gecko) Chrome/123.0.0.0 Safari/537.36"
34.177.100.148 - - [04/Feb/2026:07:51:25 -0600] "GET / HTTP/1.1" 301 271 "-" "Mozilla/5.0 (Windows NT 10.0; Win64; x64) AppleWebKit/537.36 (KHTML, like Gecko) Chrome/58.0.3029.110 Safari/537.3"
110.238.109.206 - - [04/Feb/2026:07:52:03 -0600] "GET /sisofi_2018/uploads/15-09-2021/20.Indicadores_de_postura_fiscal_3132021.pdf HTTP/1.1" 301 350 "-" "Mozilla/5.0 (Macintosh; Intel Mac OS X 10_15_7) AppleWebKit/537.36 (KHTML, like Gecko) Chrome/142.0.0.0 Safari/537.36"
110.238.109.206 - - [04/Feb/2026:07:52:06 -0600] "GET /sisofi_2018/uploads/15-09-2021/20.Indicadores_de_postura_fiscal_3132021.pdf HTTP/1.1" 301 350 "-" "Mozilla/5.0 (Macintosh; Intel Mac OS X 10_15_7) AppleWebKit/537.36 (KHTML, like Gecko) Chrome/142.0.0.0 Safari/537.36"
110.238.109.206 - - [04/Feb/2026:07:52:08 -0600] "GET /sisofi_2018/uploads/15-09-2021/20.Indicadores_de_postura_fiscal_3132021.pdf HTTP/1.1" 301 350 "-" "Mozilla/5.0 (Macintosh; Intel Mac OS X 10_15_7) AppleWebKit/537.36 (KHTML, like Gecko) Chrome/142.0.0.0 Safari/537.36"
188.239.36.161 - - [04/Feb/2026:07:54:20 -0600] "GET /sisofi_2018/uploads/26-10-2020/Estado_de_cambios_en_la_situacion_financiera_3092020.pdf HTTP/1.1" 301 362 "-" "Mozilla/5.0 (Windows NT 10.0; Win64; x64) AppleWebKit/537.36 (KHTML, like Gecko) Chrome/145.0.0.0 Safari/537.36"
188.239.36.161 - - [04/Feb/2026:07:54:23 -0600] "GET /sisofi_2018/uploads/26-10-2020/Estado_de_cambios_en_la_situacion_financiera_3092020.pdf HTTP/1.1" 301 362 "-" "Mozilla/5.0 (Windows NT 10.0; Win64; x64) AppleWebKit/537.36 (KHTML, like Gecko) Chrome/145.0.0.0 Safari/537.36"
188.239.36.161 - - [04/Feb/2026:07:54:26 -0600] "GET /sisofi_2018/uploads/26-10-2020/Estado_de_cambios_en_la_situacion_financiera_3092020.pdf HTTP/1.1" 301 362 "-" "Mozilla/5.0 (Windows NT 10.0; Win64; x64) AppleWebKit/537.36 (KHTML, like Gecko) Chrome/145.0.0.0 Safari/537.36"
66.249.70.200 - - [04/Feb/2026:07:58:14 -0600] "GET /sisofi_2018/uploads/17-02-2020/RAFAEL_ROSALES_CORIA.jpg HTTP/1.1" 301 330 "-" "Googlebot-Image/1.0"
43.135.182.95 - - [04/Feb/2026:08:01:38 -0600] "GET / HTTP/1.1" 301 275 "-" "Mozilla/5.0 (iPhone; CPU iPhone OS 13_2_3 like Mac OS X) AppleWebKit/605.1.15 (KHTML, like Gecko) Version/13.0.3 Mobile/15E148 Safari/604.1"
47.84.144.171 - - [04/Feb/2026:08:09:34 -0600] "GET /Noticias&idnoti=435/Legislacion-Estatal-y-Federal/Titular-de-Unidad-de-Transparencia/Resultados-Noticias/Cuenta-Publica/Calendario-Oficial/Presidencia/Resultados-Eventos/Ubicacion/Juicio-en-Linea/Directorio/pdf/Informe_PADA.pdf HTTP/1.1" 301 502 "-" "Mozilla/5.0 (Macintosh; Intel Mac OS X 10_12_6) AppleWebKit/537.36 (KHTML, like Gecko) Opera/89.0.308.40 Safari/537.36"
216.244.66.234 - - [04/Feb/2026:08:16:24 -0600] "GET /robots.txt HTTP/1.1" 301 281 "-" "Mozilla/5.0 (compatible; DotBot/1.2; +https://opensiteexplorer.org/dotbot; help@moz.com)"
216.244.66.234 - - [04/Feb/2026:08:16:24 -0600] "GET /robots.txt HTTP/1.1" 301 285 "-" "Mozilla/5.0 (compatible; DotBot/1.2; +https://opensiteexplorer.org/dotbot; help@moz.com)"
47.84.144.167 - - [04/Feb/2026:08:20:20 -0600] "GET /Consulta-de-Acuerdos-por-Numero-de-Expediente/Tribunal-de-Justicia-Administrativa-de-Michoacan-de-Ocampo/Que-Hacemos/Quienes-Somos/Transparencia-Tablas-de-Aplicabilidad/Legislacion-Estatal-y-Federal/Pleno/pdf/Informe_PADA.pdf HTTP/1.1" 301 496 "-" "Mozilla/5.0 (X11; Linux x86_64) AppleWebKit/537.36 (KHTML, like Gecko) Chrome/77.0.545.36 Safari/537.36"
188.239.45.79 - - [04/Feb/2026:08:42:35 -0600] "GET /pdf-normativa/Organigrama HTTP/1.1" 301 296 "http://tjamich.gob.mx/pdf-normativa/Organigrama" "Mozilla/5.0 (Macintosh; Intel Mac OS X 10_15_7) AppleWebKit/537.36 (KHTML, like Gecko) Chrome/119.0.0.0 Safari/537.36"
52.167.144.212 - - [04/Feb/2026:08:44:22 -0600] "GET /sisofi_2018/uploads/25-06-2019/CONTRATO_URUAPAN_2019_TRANSPARENCIA.pdf HTTP/1.1" 301 345 "-" "Mozilla/5.0 AppleWebKit/537.36 (KHTML, like Gecko; compatible; bingbot/2.0; +http://www.bing.com/bingbot.htm) Chrome/116.0.1938.76 Safari/537.36"
111.119.234.15 - - [04/Feb/2026:08:54:04 -0600] "GET /sisofi_2018/uploads/14-07-2020/8._Estado_analitico_del_activo_3062020.pdf HTTP/1.1" 301 344 "-" "Mozilla/5.0 (Windows NT 10.0; Win64; x64) AppleWebKit/537.36 (KHTML, like Gecko) Chrome/141.0.0.0 Safari/537.36"
111.119.234.15 - - [04/Feb/2026:08:54:07 -0600] "GET /sisofi_2018/uploads/14-07-2020/8._Estado_analitico_del_activo_3062020.pdf HTTP/1.1" 301 344 "-" "Mozilla/5.0 (Windows NT 10.0; Win64; x64) AppleWebKit/537.36 (KHTML, like Gecko) Chrome/141.0.0.0 Safari/537.36"
111.119.234.15 - - [04/Feb/2026:08:54:10 -0600] "GET /sisofi_2018/uploads/14-07-2020/8._Estado_analitico_del_activo_3062020.pdf HTTP/1.1" 301 344 "-" "Mozilla/5.0 (Windows NT 10.0; Win64; x64) AppleWebKit/537.36 (KHTML, like Gecko) Chrome/141.0.0.0 Safari/537.36"
111.119.216.107 - - [04/Feb/2026:09:00:35 -0600] "GET /sisofi_2018/uploads/26-10-2023/2021.docx HTTP/1.1" 301 311 "http://tjamich.gob.mx/sisofi_2018/uploads/26-10-2023/2021.docx" "Mozilla/5.0 (Macintosh; Intel Mac OS X 10_15_7) AppleWebKit/537.36 (KHTML, like Gecko) Chrome/120.0.0.0 Safari/537.36"
66.249.70.198 - - [04/Feb/2026:09:06:04 -0600] "GET /sisofi_2018/uploads/29-03-2022/MARIA-VANNESA-GARCIA-CONTRERAS.pdf HTTP/1.1" 301 340 "-" "Mozilla/5.0 (Linux; Android 6.0.1; Nexus 5X Build/MMB29P) AppleWebKit/537.36 (KHTML, like Gecko) Chrome/144.0.7559.109 Mobile Safari/537.36 (compatible; Googlebot/2.1; +http://www.google.com/bot.html)"
216.244.66.234 - - [04/Feb/2026:09:13:04 -0600] "GET /robots.txt HTTP/1.1" 301 281 "-" "Mozilla/5.0 (compatible; DotBot/1.2; +https://opensiteexplorer.org/dotbot; help@moz.com)"
216.244.66.234 - - [04/Feb/2026:09:13:04 -0600] "GET /robots.txt HTTP/1.1" 301 285 "-" "Mozilla/5.0 (compatible; DotBot/1.2; +https://opensiteexplorer.org/dotbot; help@moz.com)"
66.249.70.200 - - [04/Feb/2026:09:13:47 -0600] "GET /sisofi_2018/uploads/10-10-2019/DIANA_ANDREA_ORTIZ_RUIZ.jpg HTTP/1.1" 301 333 "-" "Googlebot-Image/1.0"
119.13.107.104 - - [04/Feb/2026:09:27:21 -0600] "GET /view-box_2018/pdf/pdf/informe_PADA_2023.pdf HTTP/1.1" 301 318 "-" "Mozilla/5.0 (Macintosh; Intel Mac OS X 10_15_7) AppleWebKit/537.36 (KHTML, like Gecko) Chrome/141.0.0.0 Safari/537.36"
66.249.70.198 - - [04/Feb/2026:09:31:21 -0600] "GET /sisofi_2018/uploads/10-10-2019/CLAUDIA_IVETTE_VIDALES_RAMOS.jpg HTTP/1.1" 301 338 "-" "Googlebot-Image/1.0"
111.119.210.39 - - [04/Feb/2026:09:44:28 -0600] "GET /sisofi_2018/uploads/10-10-2022/18.Intereses_de_la_deuda_3092022.pdf HTTP/1.1" 301 338 "-" "Mozilla/5.0 (Macintosh; Intel Mac OS X 10_15_7) AppleWebKit/537.36 (KHTML, like Gecko) Chrome/142.0.0.0 Safari/537.36"
111.119.210.39 - - [04/Feb/2026:09:44:31 -0600] "GET /sisofi_2018/uploads/10-10-2022/18.Intereses_de_la_deuda_3092022.pdf HTTP/1.1" 301 338 "-" "Mozilla/5.0 (Macintosh; Intel Mac OS X 10_15_7) AppleWebKit/537.36 (KHTML, like Gecko) Chrome/142.0.0.0 Safari/537.36"
111.119.210.39 - - [04/Feb/2026:09:44:33 -0600] "GET /sisofi_2018/uploads/10-10-2022/18.Intereses_de_la_deuda_3092022.pdf HTTP/1.1" 301 338 "-" "Mozilla/5.0 (Macintosh; Intel Mac OS X 10_15_7) AppleWebKit/537.36 (KHTML, like Gecko) Chrome/142.0.0.0 Safari/537.36"
66.249.70.199 - - [04/Feb/2026:09:44:54 -0600] "GET /sisofi_2018/uploads/10-10-2019/MARIA_ISABEL_PINON_AVALOS.jpg HTTP/1.1" 301 335 "-" "Googlebot-Image/1.0"
66.249.70.161 - - [04/Feb/2026:09:50:16 -0600] "GET /sisofi/uploads/09-04-2019/JA_1561-14-III__policias_no_hubo_procedimiento.pdf HTTP/1.1" 301 347 "-" "Mozilla/5.0 (Linux; Android 6.0.1; Nexus 5X Build/MMB29P) AppleWebKit/537.36 (KHTML, like Gecko) Chrome/144.0.7559.109 Mobile Safari/537.36 (compatible; Googlebot/2.1; +http://www.google.com/bot.html)"
66.249.70.161 - - [04/Feb/2026:09:54:01 -0600] "GET /sisofi/uploads/17-10-2018/ACTA_JURISDICCIONAL_-_72_EXTRAORDINARIA_13-JULIO-_2018.pdf HTTP/1.1" 301 355 "-" "Googlebot/2.1 (+http://www.google.com/bot.html)"
51.79.224.127 - - [04/Feb/2026:09:57:43 -0600] "GET /wp-content/uploads/2017-------/09/wp-console.php HTTP/1.1" 301 319 "-" "Mozilla/5.0 (Linux; Android 11; M2010J19SI) AppleWebKit/537.36 (KHTML, like Gecko) Chrome/109.0.0.0 Mobile Safari/537.36"
51.79.224.127 - - [04/Feb/2026:09:59:07 -0600] "GET /wp-includes/js/crop/uword.php HTTP/1.1" 301 300 "-" "Mozilla/5.0 (Linux; Android 11; M2010J19SI) AppleWebKit/537.36 (KHTML, like Gecko) Chrome/109.0.0.0 Mobile Safari/537.36"
216.244.66.234 - - [04/Feb/2026:10:00:07 -0600] "GET /robots.txt HTTP/1.1" 301 281 "-" "Mozilla/5.0 (compatible; DotBot/1.2; +https://opensiteexplorer.org/dotbot; help@moz.com)"
216.244.66.234 - - [04/Feb/2026:10:00:07 -0600] "GET /robots.txt HTTP/1.1" 301 285 "-" "Mozilla/5.0 (compatible; DotBot/1.2; +https://opensiteexplorer.org/dotbot; help@moz.com)"
51.79.224.127 - - [04/Feb/2026:10:00:39 -0600] "GET /wp-content/themes/bltm/wp-login.php HTTP/1.1" 301 306 "-" "Mozilla/5.0 (Linux; Android 11; M2010J19SI) AppleWebKit/537.36 (KHTML, like Gecko) Chrome/109.0.0.0 Mobile Safari/537.36"
66.249.70.199 - - [04/Feb/2026:10:01:27 -0600] "GET /sisofi_2018/uploads/18-02-2020/MARIA_CRISTINA_INIESTRA_ALVAREZ.jpg HTTP/1.1" 301 341 "-" "Googlebot-Image/1.0"
51.79.224.127 - - [04/Feb/2026:10:01:35 -0600] "GET /autoload_classmap.php HTTP/1.1" 301 280 "-" "Mozilla/5.0 (Linux; Android 11; M2010J19SI) AppleWebKit/537.36 (KHTML, like Gecko) Chrome/109.0.0.0 Mobile Safari/537.36"
51.79.224.127 - - [04/Feb/2026:10:02:42 -0600] "GET /wp-content/uploads/2014/07/olx.php HTTP/1.1" 301 305 "-" "Mozilla/5.0 (Linux; Android 11; M2010J19SI) AppleWebKit/537.36 (KHTML, like Gecko) Chrome/109.0.0.0 Mobile Safari/537.36"
34.7.154.184 - - [04/Feb/2026:10:03:50 -0600] "GET /Noticias&idnoti=476pdf/Informe_PADA.pdf HTTP/1.1" 301 318 "-" "Mozilla/5.0 (Macintosh; Intel Mac OS X 10_15_7) AppleWebKit/537.36 (KHTML, like Gecko) Chrome/120.0.0.0 Safari/537.36"
51.79.224.127 - - [04/Feb/2026:10:04:01 -0600] "GET /wp-admin/css/colors/midnight/index.php HTTP/1.1" 301 309 "-" "Mozilla/5.0 (Linux; Android 11; M2010J19SI) AppleWebKit/537.36 (KHTML, like Gecko) Chrome/109.0.0.0 Mobile Safari/537.36"
51.79.224.127 - - [04/Feb/2026:10:05:11 -0600] "GET /wp-content/uploads/2020/wp-couldent.php.suspected HTTP/1.1" 301 320 "-" "Mozilla/5.0 (Linux; Android 11; M2010J19SI) AppleWebKit/537.36 (KHTML, like Gecko) Chrome/109.0.0.0 Mobile Safari/537.36"
51.79.224.127 - - [04/Feb/2026:10:06:34 -0600] "GET /wp-content/plugins/523453244/ninja.php HTTP/1.1" 301 309 "-" "Mozilla/5.0 (Linux; Android 11; M2010J19SI) AppleWebKit/537.36 (KHTML, like Gecko) Chrome/109.0.0.0 Mobile Safari/537.36"
51.79.224.127 - - [04/Feb/2026:10:07:38 -0600] "GET /wp-includes/js/imgareaselect/index.php HTTP/1.1" 301 309 "-" "Mozilla/5.0 (Linux; Android 11; M2010J19SI) AppleWebKit/537.36 (KHTML, like Gecko) Chrome/109.0.0.0 Mobile Safari/537.36"
51.79.224.127 - - [04/Feb/2026:10:08:31 -0600] "GET /wp-includes/PHPMailer/load.php HTTP/1.1" 301 301 "-" "Mozilla/5.0 (Linux; Android 11; M2010J19SI) AppleWebKit/537.36 (KHTML, like Gecko) Chrome/109.0.0.0 Mobile Safari/537.36"
54.162.252.58 - - [04/Feb/2026:10:10:01 -0600] "GET / HTTP/1.1" 301 271 "-" "Mozilla/5.0 (Linux; Android 5.1; Lenovo TAB 2 A8-50LC) AppleWebKit/537.36 (KHTML, like Gecko) Chrome/94.0.4606.85 Safari/537.36 OPR/66.2.3445.62346"
51.79.224.127 - - [04/Feb/2026:10:10:17 -0600] "GET /wp-links.php HTTP/1.1" 301 280 "-" "Mozilla/5.0 (Linux; Android 11; M2010J19SI) AppleWebKit/537.36 (KHTML, like Gecko) Chrome/109.0.0.0 Mobile Safari/537.36"
34.90.25.114 - - [04/Feb/2026:10:10:59 -0600] "GET /Titular-de-Unidad-de-Transparenciapdf/Informe_PADA.pdf HTTP/1.1" 301 329 "-" "Mozilla/5.0 (Macintosh; Intel Mac OS X 10_15_7) AppleWebKit/537.36 (KHTML, like Gecko) Chrome/120.0.0.0 Safari/537.36"
51.79.224.127 - - [04/Feb/2026:10:11:56 -0600] "GET /wp-aa.php HTTP/1.1" 301 280 "-" "Mozilla/5.0 (Linux; Android 11; M2010J19SI) AppleWebKit/537.36 (KHTML, like Gecko) Chrome/109.0.0.0 Mobile Safari/537.36"
51.79.224.127 - - [04/Feb/2026:10:13:27 -0600] "GET /wp-content/themes/travelscape/json.php HTTP/1.1" 301 309 "-" "Mozilla/5.0 (Linux; Android 11; M2010J19SI) AppleWebKit/537.36 (KHTML, like Gecko) Chrome/109.0.0.0 Mobile Safari/537.36"
51.79.224.127 - - [04/Feb/2026:10:14:25 -0600] "GET /wp-content/themes/travel/issue.php HTTP/1.1" 301 305 "-" "Mozilla/5.0 (Linux; Android 11; M2010J19SI) AppleWebKit/537.36 (KHTML, like Gecko) Chrome/109.0.0.0 Mobile Safari/537.36"
51.79.224.127 - - [04/Feb/2026:10:15:46 -0600] "GET /about.php HTTP/1.1" 301 280 "-" "Mozilla/5.0 (Linux; Android 11; M2010J19SI) AppleWebKit/537.36 (KHTML, like Gecko) Chrome/109.0.0.0 Mobile Safari/537.36"
66.249.70.198 - - [04/Feb/2026:10:16:00 -0600] "GET /sisofi_2018/uploads/10-10-2019/JOSE_LUIS_BOCANEGRA_OLVERA.jpg HTTP/1.1" 301 336 "-" "Googlebot-Image/1.0"
66.249.70.198 - - [04/Feb/2026:10:16:00 -0600] "GET /robots.txt HTTP/1.1" 301 285 "-" "Mozilla/5.0 (compatible; Googlebot/2.1; +http://www.google.com/bot.html)"
51.79.224.127 - - [04/Feb/2026:10:16:47 -0600] "GET /xx.php HTTP/1.1" 301 280 "-" "Mozilla/5.0 (Linux; Android 11; M2010J19SI) AppleWebKit/537.36 (KHTML, like Gecko) Chrome/109.0.0.0 Mobile Safari/537.36"
51.79.224.127 - - [04/Feb/2026:10:18:13 -0600] "GET /wp-content/themes/digital-download/new.php HTTP/1.1" 301 313 "-" "Mozilla/5.0 (Linux; Android 11; M2010J19SI) AppleWebKit/537.36 (KHTML, like Gecko) Chrome/109.0.0.0 Mobile Safari/537.36"
34.91.74.68 - - [04/Feb/2026:10:28:30 -0600] "GET /Transparencia-Proactivapdf/informe_PADA_2023.pdf HTTP/1.1" 301 323 "-" "Mozilla/5.0 (Macintosh; Intel Mac OS X 10_15_7) AppleWebKit/537.36 (KHTML, like Gecko) Chrome/120.0.0.0 Safari/537.36"
66.249.70.198 - - [04/Feb/2026:10:32:06 -0600] "GET /sisofi_2018/uploads/10-10-2019/KENIA_CITLALI_VARGAS_MARTINEZ.jpg HTTP/1.1" 301 339 "-" "Googlebot-Image/1.0"
216.244.66.234 - - [04/Feb/2026:10:46:00 -0600] "GET /robots.txt HTTP/1.1" 301 285 "-" "Mozilla/5.0 (compatible; DotBot/1.2; +https://opensiteexplorer.org/dotbot; help@moz.com)"
66.249.70.199 - - [04/Feb/2026:10:47:06 -0600] "GET /sisofi_2018/uploads/10-10-2019/LETICIA_VARGAS_BECERRA.jpg HTTP/1.1" 301 332 "-" "Googlebot-Image/1.0"
80.253.251.75 - - [04/Feb/2026:10:48:07 -0600] "GET / HTTP/1.1" 301 275 "http://www.tjamich.gob.mx" "Opera/9.80 (Android; Opera Mini/7.6.35766/174.78; U; en) Presto/2.12.423 Version/12.16"
52.167.144.67 - - [04/Feb/2026:10:48:58 -0600] "GET /robots.txt HTTP/1.1" 301 281 "-" "Mozilla/5.0 AppleWebKit/537.36 (KHTML, like Gecko; compatible; bingbot/2.0; +http://www.bing.com/bingbot.htm) Chrome/116.0.1938.76 Safari/537.36"
52.167.144.25 - - [04/Feb/2026:10:49:09 -0600] "GET / HTTP/1.1" 301 271 "-" "Mozilla/5.0 AppleWebKit/537.36 (KHTML, like Gecko; compatible; bingbot/2.0; +http://www.bing.com/bingbot.htm) Chrome/116.0.1938.76 Safari/537.36"
47.84.144.206 - - [04/Feb/2026:11:00:53 -0600] "GET /Que-Hacemos/Ubicacion/view-box_2021/view-box_2021/Resultados-Eventos/Organigrama/Organigrama/Directorio/Legislacion-Estatal-y-Federal/Cuenta-Publica/Resultados-Noticias/Pleno/Quienes-Somos/Listas-de-Acuerdos/pdf/Informe_PADA.pdf HTTP/1.1" 301 499 "-" "Mozilla/5.0 (Windows NT 6.1; Win64; x64) AppleWebKit/537.36 (KHTML, like Gecko) Chrome/88.0.2548.87 Safari/537.36"
66.249.70.200 - - [04/Feb/2026:11:01:08 -0600] "GET /sisofi_2018/uploads/10-10-2019/MARIA_FERNANDA_MADRIGAL_FRANCO.jpg HTTP/1.1" 301 340 "-" "Googlebot-Image/1.0"
121.229.185.160 - - [04/Feb/2026:11:18:27 -0600] "GET / HTTP/1.1" 301 271 "-" "Mozilla/5.0 (iPhone; CPU iPhone OS 13_2_3 like Mac OS X) AppleWebKit/605.1.15 (KHTML, like Gecko) Version/13.0.3 Mobile/15E148 Safari/604.1"
35.204.78.109 - - [04/Feb/2026:11:21:26 -0600] "GET /Organigramareglamento_interno_reformado.pdf HTTP/1.1" 301 318 "-" "Mozilla/5.0 (Macintosh; Intel Mac OS X 10_15_7) AppleWebKit/537.36 (KHTML, like Gecko) Chrome/120.0.0.0 Safari/537.36"
66.249.70.199 - - [04/Feb/2026:11:22:43 -0600] "GET /sisofi_2018/uploads/17-02-2020/JORGE_APOLINAR_PEREZ_FONSECA.jpg HTTP/1.1" 301 338 "-" "Googlebot-Image/1.0"
216.244.66.234 - - [04/Feb/2026:11:32:02 -0600] "GET /robots.txt HTTP/1.1" 301 285 "-" "Mozilla/5.0 (compatible; DotBot/1.2; +https://opensiteexplorer.org/dotbot; help@moz.com)"
66.249.70.160 - - [04/Feb/2026:11:32:19 -0600] "GET /robots.txt HTTP/1.1" 301 281 "-" "Mozilla/5.0 (compatible; Googlebot/2.1; +http://www.google.com/bot.html)"
66.249.70.174 - - [04/Feb/2026:11:32:19 -0600] "GET /ads.txt HTTP/1.1" 301 278 "-" "Mozilla/5.0 (compatible; Googlebot/2.1; +http://www.google.com/bot.html)"
66.249.70.199 - - [04/Feb/2026:11:32:19 -0600] "GET /ads.txt HTTP/1.1" 301 282 "-" "Mozilla/5.0 (compatible; Googlebot/2.1; +http://www.google.com/bot.html)"
66.249.70.199 - - [04/Feb/2026:11:33:15 -0600] "GET /sisofi_2018/uploads/10-10-2019/RITA_ELIA_SANTOS_GIRON.jpg HTTP/1.1" 301 332 "-" "Googlebot-Image/1.0"
47.84.144.168 - - [04/Feb/2026:11:34:13 -0600] "GET /Titular-de-Unidad-de-Transparencia/Resultados-Noticias/Calendario-Oficial/Resultados-Noticias/Presidencia/Resultados-Noticias/Titular-de-Unidad-de-Transparencia/Quienes-Somos/Quienes-Somos/view-box_2021/pdf/Informe_PADA.pdf HTTP/1.1" 301 494 "-" "Mozilla/5.0 (X11; Linux x86_64) AppleWebKit/537.36 (KHTML, like Gecko) Internet Explorer/79.0.1757.93 Safari/537.36"
205.210.31.239 - - [04/Feb/2026:11:44:06 -0600] "GET / HTTP/1.1" 301 275 "-" "Hello from Palo Alto Networks, find out more about our scans in https://docs-cortex.paloaltonetworks.com/r/1/Cortex-Xpanse/Scanning-activity"
64.49.37.25 - - [04/Feb/2026:11:52:51 -0600] "POST /xmlrpc.php HTTP/1.1" 301 280 "-" "Mozilla/5.0 (Macintosh; Intel Mac OS X 10.15; rv:146.0) Gecko/20100101 Firefox/146.0"
43.153.107.22 - - [04/Feb/2026:11:54:19 -0600] "GET / HTTP/1.1" 301 271 "-" "Mozilla/5.0 (iPhone; CPU iPhone OS 13_2_3 like Mac OS X) AppleWebKit/605.1.15 (KHTML, like Gecko) Version/13.0.3 Mobile/15E148 Safari/604.1"
66.249.70.199 - - [04/Feb/2026:11:56:20 -0600] "GET /sisofi_2018/uploads/17-02-2020/JUAN_JESUS_RODRIGUEZ_CABALLERO.jpg HTTP/1.1" 301 340 "-" "Googlebot-Image/1.0"
66.249.70.174 - - [04/Feb/2026:12:05:07 -0600] "GET /sisofi/uploads/27-04-2017/RESOLUCION_JAL-0023-2014-I_-_ADA_413-2015.pdf HTTP/1.1" 301 342 "-" "Mozilla/5.0 (Linux; Android 6.0.1; Nexus 5X Build/MMB29P) AppleWebKit/537.36 (KHTML, like Gecko) Chrome/144.0.7559.109 Mobile Safari/537.36 (compatible; Googlebot/2.1; +http://www.google.com/bot.html)"
47.129.56.43 - - [04/Feb/2026:12:07:03 -0600] "GET / HTTP/1.1" 301 271 "-" "Mozilla/5.0 (Linux; Android 13; SM-S918B) AppleWebKit/537.36 (KHTML, like Gecko) Chrome/120.0.0.0 Mobile Safari/537.36"
66.249.70.198 - - [04/Feb/2026:12:12:20 -0600] "GET /sisofi_2018/uploads/10-10-2019/ERANDI_RUBI_MURILLO_GOMEZ.jpg HTTP/1.1" 301 335 "-" "Googlebot-Image/1.0"
216.244.66.234 - - [04/Feb/2026:12:18:32 -0600] "GET /robots.txt HTTP/1.1" 301 285 "-" "Mozilla/5.0 (compatible; DotBot/1.2; +https://opensiteexplorer.org/dotbot; help@moz.com)"
216.244.66.234 - - [04/Feb/2026:12:18:32 -0600] "GET /robots.txt HTTP/1.1" 301 281 "-" "Mozilla/5.0 (compatible; DotBot/1.2; +https://opensiteexplorer.org/dotbot; help@moz.com)"
66.249.70.161 - - [04/Feb/2026:12:19:27 -0600] "GET /sisofi/uploads/24-04-2017/RESOLUCION_JA-1185-2013-III_TERCERA.docx.pdf HTTP/1.1" 301 341 "-" "Googlebot/2.1 (+http://www.google.com/bot.html)"
66.249.70.160 - - [04/Feb/2026:12:21:17 -0600] "GET /sisofi/uploads/28-04-2017/NMG.pdf HTTP/1.1" 301 304 "-" "Googlebot/2.1 (+http://www.google.com/bot.html)"
66.249.70.174 - - [04/Feb/2026:12:21:54 -0600] "GET /LAI/historico/informe/informe_actividades_2012.pdf HTTP/1.1" 301 321 "-" "Googlebot/2.1 (+http://www.google.com/bot.html)"
66.249.70.174 - - [04/Feb/2026:12:25:35 -0600] "GET /sisofi/uploads/28-04-2017/MPR.pdf HTTP/1.1" 301 304 "-" "Googlebot/2.1 (+http://www.google.com/bot.html)"
66.249.70.200 - - [04/Feb/2026:12:26:20 -0600] "GET /sisofi_2018/uploads/18-02-2020/OFELIA_JACQUELINE_BOTELLO_GIL.jpg HTTP/1.1" 301 339 "-" "Googlebot-Image/1.0"
66.249.70.200 - - [04/Feb/2026:12:41:20 -0600] "GET /sisofi_2018/uploads/10-10-2019/HUGO_ENRIQUE_GUTIERREZ_RIVERA.jpg HTTP/1.1" 301 339 "-" "Googlebot-Image/1.0"
35.204.8.239 - - [04/Feb/2026:12:43:57 -0600] "GET /Listas-de-Acuerdospdf/informe_PADA_2023.pdf HTTP/1.1" 301 318 "-" "Mozilla/5.0 (Macintosh; Intel Mac OS X 10_15_7) AppleWebKit/537.36 (KHTML, like Gecko) Chrome/120.0.0.0 Safari/537.36"
66.249.70.200 - - [04/Feb/2026:12:56:20 -0600] "GET /sisofi_2018/uploads/10-10-2019/LUZ_CELIA_SAUCEDO_DIAZ.jpg HTTP/1.1" 301 332 "-" "Googlebot-Image/1.0"
216.244.66.234 - - [04/Feb/2026:13:04:21 -0600] "GET /robots.txt HTTP/1.1" 301 281 "-" "Mozilla/5.0 (compatible; DotBot/1.2; +https://opensiteexplorer.org/dotbot; help@moz.com)"
216.244.66.234 - - [04/Feb/2026:13:04:21 -0600] "GET /robots.txt HTTP/1.1" 301 285 "-" "Mozilla/5.0 (compatible; DotBot/1.2; +https://opensiteexplorer.org/dotbot; help@moz.com)"
116.179.32.222 - - [04/Feb/2026:13:16:28 -0600] "GET /PDF-JEL/3.-ACUERDO-DE-PLENO.pdf HTTP/1.1" 301 306 "-" "Mozilla/5.0 (Linux;u;Android 4.2.2;zh-cn;) AppleWebKit/534.46 (KHTML,like Gecko) Version/5.1 Mobile Safari/10600.6.3 (compatible; Baiduspider/2.0; +http://www.baidu.com/search/spider.html)"
145.220.91.19 - - [04/Feb/2026:13:42:47 -0600] "GET / HTTP/1.1" 301 275 "-" "Mozilla/5.0 (Macintosh; Intel Mac OS X 10.15; rv:122.0) Gecko/20100101 Firefox/122.0"
216.244.66.234 - - [04/Feb/2026:13:51:06 -0600] "GET /robots.txt HTTP/1.1" 301 281 "-" "Mozilla/5.0 (compatible; DotBot/1.2; +https://opensiteexplorer.org/dotbot; help@moz.com)"
216.244.66.234 - - [04/Feb/2026:13:51:06 -0600] "GET /robots.txt HTTP/1.1" 301 285 "-" "Mozilla/5.0 (compatible; DotBot/1.2; +https://opensiteexplorer.org/dotbot; help@moz.com)"
35.245.51.147 - - [04/Feb/2026:14:15:06 -0600] "HEAD / HTTP/1.1" 301 - "-" "Mozilla/5.0 (Linux; Android 13; Infinix X688B) AppleWebKit/537.36 (KHTML, like Gecko) Chrome/124.0.6367.48 Mobile Safari/537.36"
35.245.51.147 - - [04/Feb/2026:14:15:08 -0600] "HEAD /old/ HTTP/1.1" 301 - "-" "Mozilla/5.0 (Linux; Android 14; OnePlus 12) AppleWebKit/537.36 (KHTML, like Gecko) Chrome/125.0.6422.102 Mobile Safari/537.36"
35.245.51.147 - - [04/Feb/2026:14:15:09 -0600] "HEAD /backup/ HTTP/1.1" 301 - "-" "Mozilla/5.0 (Linux; Android 11; RMX2195) AppleWebKit/537.36 (KHTML, like Gecko) Chrome/120.0.6099.210 Mobile Safari/537.36 OPR/75.2.3995.72468"
35.245.51.147 - - [04/Feb/2026:14:15:09 -0600] "HEAD /blog/ HTTP/1.1" 301 - "-" "Mozilla/5.0 (Windows NT 10.0; Win64; x64) AppleWebKit/537.36 (KHTML, like Gecko) Chrome/125.0.6422.112 Safari/537.36 Brave/1.63.120"
35.245.51.147 - - [04/Feb/2026:14:15:09 -0600] "HEAD /wp/ HTTP/1.1" 301 - "-" "Mozilla/5.0 (iPhone; CPU iPhone OS 16_7 like Mac OS X) AppleWebKit/605.1.15 (KHTML, like Gecko) Version/16.7 Mobile/15E148 Safari/604.1"
35.245.51.147 - - [04/Feb/2026:14:15:10 -0600] "HEAD /wordpress/ HTTP/1.1" 301 - "-" "Mozilla/5.0 (Macintosh; Intel Mac OS X 14_5) AppleWebKit/605.1.15 (KHTML, like Gecko) Version/17.5 Safari/605.1.15"
35.245.51.147 - - [04/Feb/2026:14:15:10 -0600] "HEAD /new/ HTTP/1.1" 301 - "-" "Mozilla/5.0 (Linux; Android 13; Infinix X688B) AppleWebKit/537.36 (KHTML, like Gecko) Chrome/124.0.6367.48 Mobile Safari/537.36"
209.38.248.17 - - [04/Feb/2026:14:28:04 -0600] "GET / HTTP/1.1" 301 271 "-" "Mozilla/5.0 (l9scan/2.0.53e2630313e28343e24373; +https://leakix.net)"
209.38.248.17 - - [04/Feb/2026:14:28:05 -0600] "GET /server HTTP/1.1" 301 277 "-" "Mozilla/5.0 (l9scan/2.0.53e2630313e28343e24373; +https://leakix.net)"
209.38.248.17 - - [04/Feb/2026:14:28:07 -0600] "GET /server-status HTTP/1.1" 301 284 "-" "Mozilla/5.0 (l9scan/2.0.53e2630313e28343e24373; +https://leakix.net)"
209.38.248.17 - - [04/Feb/2026:14:28:08 -0600] "GET /about HTTP/1.1" 301 276 "-" "Mozilla/5.0 (l9scan/2.0.53e2630313e28343e24373; +https://leakix.net)"
209.38.248.17 - - [04/Feb/2026:14:28:09 -0600] "GET /login.action HTTP/1.1" 301 283 "-" "Mozilla/5.0 (l9scan/2.0.53e2630313e28343e24373; +https://leakix.net)"
209.38.248.17 - - [04/Feb/2026:14:28:10 -0600] "GET /v2/_catalog HTTP/1.1" 301 282 "-" "Mozilla/5.0 (l9scan/2.0.53e2630313e28343e24373; +https://leakix.net)"
209.38.248.17 - - [04/Feb/2026:14:28:11 -0600] "GET /.DS_Store HTTP/1.1" 301 280 "-" "Mozilla/5.0 (l9scan/2.0.53e2630313e28343e24373; +https://leakix.net)"
209.38.248.17 - - [04/Feb/2026:14:28:12 -0600] "GET /.env HTTP/1.1" 301 280 "-" "Mozilla/5.0 (l9scan/2.0.53e2630313e28343e24373; +https://leakix.net)"
209.38.248.17 - - [04/Feb/2026:14:28:14 -0600] "GET /ecp/Current/exporttool/microsoft.exchange.ediscovery.exporttool.application HTTP/1.1" 301 346 "-" "Mozilla/5.0 (l9scan/2.0.53e2630313e28343e24373; +https://leakix.net)"
209.38.248.17 - - [04/Feb/2026:14:28:16 -0600] "GET /.git/config HTTP/1.1" 301 280 "-" "Mozilla/5.0 (l9scan/2.0.53e2630313e28343e24373; +https://leakix.net)"
209.38.248.17 - - [04/Feb/2026:14:28:17 -0600] "POST /graphql HTTP/1.1" 301 278 "-" "Mozilla/5.0 (l9scan/2.0.53e2630313e28343e24373; +https://leakix.net)"
209.38.248.17 - - [04/Feb/2026:14:28:17 -0600] "POST /api HTTP/1.1" 301 274 "-" "Mozilla/5.0 (l9scan/2.0.53e2630313e28343e24373; +https://leakix.net)"
209.38.248.17 - - [04/Feb/2026:14:28:17 -0600] "POST /api/graphql HTTP/1.1" 301 282 "-" "Mozilla/5.0 (l9scan/2.0.53e2630313e28343e24373; +https://leakix.net)"
209.38.248.17 - - [04/Feb/2026:14:28:18 -0600] "POST /graphql/api HTTP/1.1" 301 282 "-" "Mozilla/5.0 (l9scan/2.0.53e2630313e28343e24373; +https://leakix.net)"
209.38.248.17 - - [04/Feb/2026:14:28:18 -0600] "POST /api/gql HTTP/1.1" 301 278 "-" "Mozilla/5.0 (l9scan/2.0.53e2630313e28343e24373; +https://leakix.net)"
209.38.248.17 - - [04/Feb/2026:14:28:18 -0600] "GET /s/53e2630313e28343e24373/_/;/META-INF/maven/com.atlassian.jira/jira-webapp-dist/pom.properties HTTP/1.1" 301 365 "-" "Mozilla/5.0 (l9scan/2.0.53e2630313e28343e24373; +https://leakix.net)"
209.38.248.17 - - [04/Feb/2026:14:28:19 -0600] "GET /config.json HTTP/1.1" 301 280 "-" "Mozilla/5.0 (l9scan/2.0.53e2630313e28343e24373; +https://leakix.net)"
209.38.248.17 - - [04/Feb/2026:14:28:21 -0600] "GET /telescope/requests HTTP/1.1" 301 289 "-" "Mozilla/5.0 (l9scan/2.0.53e2630313e28343e24373; +https://leakix.net)"
209.38.248.17 - - [04/Feb/2026:14:28:22 -0600] "GET /info.php HTTP/1.1" 301 280 "-" "Mozilla/5.0 (l9scan/2.0.53e2630313e28343e24373; +https://leakix.net)"
209.38.248.17 - - [04/Feb/2026:14:28:22 -0600] "GET /.well-known/security.txt HTTP/1.1" 301 295 "-" "Mozilla/5.0 (l9scan/2.0.53e2630313e28343e24373; +https://leakix.net)"
209.38.248.17 - - [04/Feb/2026:14:28:23 -0600] "GET /actuator/env HTTP/1.1" 301 283 "-" "Mozilla/5.0 (l9scan/2.0.53e2630313e28343e24373; +https://leakix.net)"
209.38.248.17 - - [04/Feb/2026:14:28:26 -0600] "GET /swagger-ui.html HTTP/1.1" 301 286 "-" "Mozilla/5.0 (l9scan/2.0.53e2630313e28343e24373; +https://leakix.net)"
209.38.248.17 - - [04/Feb/2026:14:28:27 -0600] "GET /swagger/index.html HTTP/1.1" 301 289 "-" "Mozilla/5.0 (l9scan/2.0.53e2630313e28343e24373; +https://leakix.net)"
209.38.248.17 - - [04/Feb/2026:14:28:28 -0600] "GET /swagger/swagger-ui.html HTTP/1.1" 301 294 "-" "Mozilla/5.0 (l9scan/2.0.53e2630313e28343e24373; +https://leakix.net)"
209.38.248.17 - - [04/Feb/2026:14:28:29 -0600] "GET /webjars/swagger-ui/index.html HTTP/1.1" 301 300 "-" "Mozilla/5.0 (l9scan/2.0.53e2630313e28343e24373; +https://leakix.net)"
209.38.248.17 - - [04/Feb/2026:14:28:30 -0600] "GET /swagger.json HTTP/1.1" 301 280 "-" "Mozilla/5.0 (l9scan/2.0.53e2630313e28343e24373; +https://leakix.net)"
209.38.248.17 - - [04/Feb/2026:14:28:31 -0600] "GET /swagger/v1/swagger.json HTTP/1.1" 301 294 "-" "Mozilla/5.0 (l9scan/2.0.53e2630313e28343e24373; +https://leakix.net)"
209.38.248.17 - - [04/Feb/2026:14:28:32 -0600] "GET /v2/api-docs HTTP/1.1" 301 282 "-" "Mozilla/5.0 (l9scan/2.0.53e2630313e28343e24373; +https://leakix.net)"
209.38.248.17 - - [04/Feb/2026:14:28:33 -0600] "GET /v3/api-docs HTTP/1.1" 301 282 "-" "Mozilla/5.0 (l9scan/2.0.53e2630313e28343e24373; +https://leakix.net)"
209.38.248.17 - - [04/Feb/2026:14:28:34 -0600] "GET /api-docs/swagger.json HTTP/1.1" 301 292 "-" "Mozilla/5.0 (l9scan/2.0.53e2630313e28343e24373; +https://leakix.net)"
209.38.248.17 - - [04/Feb/2026:14:28:35 -0600] "GET /api/swagger.json HTTP/1.1" 301 287 "-" "Mozilla/5.0 (l9scan/2.0.53e2630313e28343e24373; +https://leakix.net)"
209.38.248.17 - - [04/Feb/2026:14:28:36 -0600] "GET /@vite/env HTTP/1.1" 301 280 "-" "Mozilla/5.0 (l9scan/2.0.53e2630313e28343e24373; +https://leakix.net)"
209.38.248.17 - - [04/Feb/2026:14:28:37 -0600] "GET /.vscode/sftp.json HTTP/1.1" 301 288 "-" "Mozilla/5.0 (l9scan/2.0.53e2630313e28343e24373; +https://leakix.net)"
209.38.248.17 - - [04/Feb/2026:14:28:38 -0600] "OPTIONS / HTTP/1.1" 301 271 "-" "Mozilla/5.0 (l9scan/2.0.53e2630313e28343e24373; +https://leakix.net)"
209.38.248.17 - - [04/Feb/2026:14:28:39 -0600] "GET /?rest_route=/wp/v2/users/ HTTP/1.1" 301 296 "-" "Mozilla/5.0 (l9scan/2.0.53e2630313e28343e24373; +https://leakix.net)"
209.38.248.17 - - [04/Feb/2026:14:28:40 -0600] "GET /debug/default/view?panel=config HTTP/1.1" 301 302 "-" "Mozilla/5.0 (l9scan/2.0.53e2630313e28343e24373; +https://leakix.net)"
176.65.148.161 - - [04/Feb/2026:14:32:18 -0600] "HEAD / HTTP/1.1" 301 - "-" "Mozilla/5.0 (compatible; Let's Encrypt validation server; +https://www.letsencrypt.org)"
176.65.148.161 - - [04/Feb/2026:14:33:02 -0600] "HEAD / HTTP/1.1" 301 - "-" "Mozilla/5.0 (compatible; Let's Encrypt validation server; +https://www.letsencrypt.org)"
158.178.224.130 - - [04/Feb/2026:14:34:46 -0600] "GET / HTTP/1.1" 301 271 "-" "Mozilla/5.0 (Windows NT 10.0; Win64; x64) AppleWebKit/537.36 (KHTML, like Gecko) Chrome/88.0.4240.193 Safari/537.36"
176.65.148.161 - - [04/Feb/2026:14:35:16 -0600] "HEAD / HTTP/1.1" 301 - "-" "Mozilla/5.0 (compatible; Let's Encrypt validation server; +https://www.letsencrypt.org)"
47.84.144.162 - - [04/Feb/2026:14:36:17 -0600] "GET /Consulta-de-Acuerdos-por-Numero-de-Expediente/Tribunal-de-Justicia-Administrativa-de-Michoacan-de-Ocampo/Pleno/Listas-de-Acuerdos/Cuenta-Publica/Quienes-Somos/Que-Hacemos/Defensoria-Juridica/Presidencia/Pleno/pdf/Informe_PADA.pdf HTTP/1.1" 301 500 "-" "Mozilla/5.0 (Windows NT 6.1; Win64; x64) AppleWebKit/537.36 (KHTML, like Gecko) Firefox/103.0.1886.108 Safari/537.36"
216.244.66.234 - - [04/Feb/2026:14:37:26 -0600] "GET /robots.txt HTTP/1.1" 301 281 "-" "Mozilla/5.0 (compatible; DotBot/1.2; +https://opensiteexplorer.org/dotbot; help@moz.com)"
216.244.66.234 - - [04/Feb/2026:14:37:26 -0600] "GET /robots.txt HTTP/1.1" 301 285 "-" "Mozilla/5.0 (compatible; DotBot/1.2; +https://opensiteexplorer.org/dotbot; help@moz.com)"
91.231.89.34 - - [04/Feb/2026:14:50:45 -0600] "GET / HTTP/1.1" 301 271 "-" "Mozilla/5.0 (X11; Ubuntu; Linux x86_64; rv:134.0) Gecko/20100101 Firefox/134.0"
185.180.140.5 - - [04/Feb/2026:14:51:30 -0600] "GET / HTTP/1.1" 301 271 "-" "Mozilla/5.0 (Windows NT 10.0; Win64; x64) AppleWebKit/537.36 (KHTML, like Gecko) Chrome/60.0.3112.113 Safari/537.36"
185.180.140.107 - - [04/Feb/2026:14:51:31 -0600] "GET /static/historypage.js HTTP/1.1" 301 292 "-" "Mozilla/5.0 (Windows NT 10.0; Win64; x64) AppleWebKit/537.36 (KHTML, like Gecko) Chrome/60.0.3112.113 Safari/537.36"
91.196.152.165 - - [04/Feb/2026:14:58:41 -0600] "GET /favicon.ico HTTP/1.1" 301 282 "-" "Mozilla/5.0 (X11; Ubuntu; Linux x86_64; rv:134.0) Gecko/20100101 Firefox/134.0"
91.231.89.97 - - [04/Feb/2026:15:00:08 -0600] "GET / HTTP/1.1" 301 271 "-" "Mozilla/5.0 (X11; Ubuntu; Linux x86_64; rv:134.0) Gecko/20100101 Firefox/134.0"
47.128.55.90 - - [04/Feb/2026:15:17:48 -0600] "GET /registro-capacitacion-jel/Registro-Foro-Proteccion-de-Datos-Personales HTTP/1.1" 301 345 "-" "Mozilla/5.0 (Linux; Android 5.0) AppleWebKit/537.36 (KHTML, like Gecko) Mobile Safari/537.36 (compatible; Bytespider; spider-feedback@bytedance.com)"
47.128.120.251 - - [04/Feb/2026:15:19:15 -0600] "GET /robots.txt HTTP/1.1" 301 285 "-" "Mozilla/5.0 (Linux; Android 5.0) AppleWebKit/537.36 (KHTML, like Gecko) Mobile Safari/537.36 (compatible; Bytespider; spider-feedback@bytedance.com)"
91.231.89.38 - - [04/Feb/2026:15:19:57 -0600] "GET /view-box_2021/contenidos.php?ta=na35fvii&te=2&year=2021 HTTP/1.1" 301 334 "-" "Mozilla/5.0 (X11; Ubuntu; Linux x86_64; rv:134.0) Gecko/20100101 Firefox/134.0"
63.34.171.162 - - [04/Feb/2026:15:20:55 -0600] "GET / HTTP/1.1" 301 280 "-" "python-requests/2.32.5"
216.244.66.234 - - [04/Feb/2026:15:23:32 -0600] "GET /robots.txt HTTP/1.1" 301 281 "-" "Mozilla/5.0 (compatible; DotBot/1.2; +https://opensiteexplorer.org/dotbot; help@moz.com)"
104.248.144.165 - - [04/Feb/2026:15:25:05 -0600] "GET /simple.php HTTP/1.1" 301 280 "-" "Mozilla/5.0 (Linux; Android 11; M2010J19SI) AppleWebKit/537.36 (KHTML, like Gecko) Chrome/109.0.0.0 Mobile Safari/537.36"
104.248.144.165 - - [04/Feb/2026:15:25:08 -0600] "GET /cong.php HTTP/1.1" 301 280 "-" "Mozilla/5.0 (Linux; Android 11; M2010J19SI) AppleWebKit/537.36 (KHTML, like Gecko) Chrome/109.0.0.0 Mobile Safari/537.36"
104.248.144.165 - - [04/Feb/2026:15:25:10 -0600] "GET /xxx.php HTTP/1.1" 301 280 "-" "Mozilla/5.0 (Linux; Android 11; M2010J19SI) AppleWebKit/537.36 (KHTML, like Gecko) Chrome/109.0.0.0 Mobile Safari/537.36"
104.248.144.165 - - [04/Feb/2026:15:25:12 -0600] "GET /tmpls.php HTTP/1.1" 301 280 "-" "Mozilla/5.0 (Linux; Android 11; M2010J19SI) AppleWebKit/537.36 (KHTML, like Gecko) Chrome/109.0.0.0 Mobile Safari/537.36"
104.248.144.165 - - [04/Feb/2026:15:25:14 -0600] "GET /wp-content/themes/travelscape/json.php HTTP/1.1" 301 309 "-" "Mozilla/5.0 (Linux; Android 11; M2010J19SI) AppleWebKit/537.36 (KHTML, like Gecko) Chrome/109.0.0.0 Mobile Safari/537.36"
104.248.144.165 - - [04/Feb/2026:15:25:16 -0600] "GET /chosen.php?p= HTTP/1.1" 301 280 "-" "Mozilla/5.0 (Linux; Android 11; M2010J19SI) AppleWebKit/537.36 (KHTML, like Gecko) Chrome/109.0.0.0 Mobile Safari/537.36"
104.248.144.165 - - [04/Feb/2026:15:25:19 -0600] "GET /wp-cron.php?ac=3 HTTP/1.1" 301 280 "-" "Mozilla/5.0 (Linux; Android 11; M2010J19SI) AppleWebKit/537.36 (KHTML, like Gecko) Chrome/109.0.0.0 Mobile Safari/537.36"
104.248.144.165 - - [04/Feb/2026:15:25:21 -0600] "GET /wp-content/themes/pridmag/db.php?u HTTP/1.1" 301 305 "-" "Mozilla/5.0 (Linux; Android 11; M2010J19SI) AppleWebKit/537.36 (KHTML, like Gecko) Chrome/109.0.0.0 Mobile Safari/537.36"
104.248.144.165 - - [04/Feb/2026:15:25:23 -0600] "GET /wp-content/themes/seotheme/mar.php HTTP/1.1" 301 305 "-" "Mozilla/5.0 (Linux; Android 11; M2010J19SI) AppleWebKit/537.36 (KHTML, like Gecko) Chrome/109.0.0.0 Mobile Safari/537.36"
104.248.144.165 - - [04/Feb/2026:15:25:25 -0600] "GET /Njima.php HTTP/1.1" 301 280 "-" "Mozilla/5.0 (Linux; Android 11; M2010J19SI) AppleWebKit/537.36 (KHTML, like Gecko) Chrome/109.0.0.0 Mobile Safari/537.36"
104.248.144.165 - - [04/Feb/2026:15:25:27 -0600] "GET /wp-admin/images/Mhbgf.php HTTP/1.1" 301 296 "-" "Mozilla/5.0 (Linux; Android 11; M2010J19SI) AppleWebKit/537.36 (KHTML, like Gecko) Chrome/109.0.0.0 Mobile Safari/537.36"
104.248.144.165 - - [04/Feb/2026:15:25:29 -0600] "GET /wp-admin/css/index.php HTTP/1.1" 301 293 "-" "Mozilla/5.0 (Linux; Android 11; M2010J19SI) AppleWebKit/537.36 (KHTML, like Gecko) Chrome/109.0.0.0 Mobile Safari/537.36"
104.248.144.165 - - [04/Feb/2026:15:25:31 -0600] "GET /wp-admin/css/ysirlifn.php HTTP/1.1" 301 296 "-" "Mozilla/5.0 (Linux; Android 11; M2010J19SI) AppleWebKit/537.36 (KHTML, like Gecko) Chrome/109.0.0.0 Mobile Safari/537.36"
104.248.144.165 - - [04/Feb/2026:15:25:34 -0600] "GET /repeater.php HTTP/1.1" 301 280 "-" "Mozilla/5.0 (Linux; Android 11; M2010J19SI) AppleWebKit/537.36 (KHTML, like Gecko) Chrome/109.0.0.0 Mobile Safari/537.36"
104.248.144.165 - - [04/Feb/2026:15:25:36 -0600] "GET /wp-content/plugins/linkpreview/db.php?u HTTP/1.1" 301 310 "-" "Mozilla/5.0 (Linux; Android 11; M2010J19SI) AppleWebKit/537.36 (KHTML, like Gecko) Chrome/109.0.0.0 Mobile Safari/537.36"
104.248.144.165 - - [04/Feb/2026:15:25:38 -0600] "GET /ioxi002.PhP7 HTTP/1.1" 301 283 "-" "Mozilla/5.0 (Linux; Android 11; M2010J19SI) AppleWebKit/537.36 (KHTML, like Gecko) Chrome/109.0.0.0 Mobile Safari/537.36"
104.248.144.165 - - [04/Feb/2026:15:25:41 -0600] "GET /radio.php HTTP/1.1" 301 280 "-" "Mozilla/5.0 (Linux; Android 11; M2010J19SI) AppleWebKit/537.36 (KHTML, like Gecko) Chrome/109.0.0.0 Mobile Safari/537.36"
104.248.144.165 - - [04/Feb/2026:15:25:43 -0600] "GET /radio.php HTTP/1.1" 301 280 "-" "Mozilla/5.0 (Linux; Android 11; M2010J19SI) AppleWebKit/537.36 (KHTML, like Gecko) Chrome/109.0.0.0 Mobile Safari/537.36"
104.248.144.165 - - [04/Feb/2026:15:25:45 -0600] "GET /wp-admin/css/colors/index.php HTTP/1.1" 301 300 "-" "Mozilla/5.0 (Linux; Android 11; M2010J19SI) AppleWebKit/537.36 (KHTML, like Gecko) Chrome/109.0.0.0 Mobile Safari/537.36"
104.248.144.165 - - [04/Feb/2026:15:25:47 -0600] "GET /ofso64.php HTTP/1.1" 301 280 "-" "Mozilla/5.0 (Linux; Android 11; M2010J19SI) AppleWebKit/537.36 (KHTML, like Gecko) Chrome/109.0.0.0 Mobile Safari/537.36"
104.248.144.165 - - [04/Feb/2026:15:25:49 -0600] "GET /wp-content/plugins/TOPXHOH/wDR.php HTTP/1.1" 301 305 "-" "Mozilla/5.0 (Linux; Android 11; M2010J19SI) AppleWebKit/537.36 (KHTML, like Gecko) Chrome/109.0.0.0 Mobile Safari/537.36"
104.248.144.165 - - [04/Feb/2026:15:25:51 -0600] "GET /wp-content/plugins/IOptimize.php?rchk HTTP/1.1" 301 308 "-" "Mozilla/5.0 (Linux; Android 11; M2010J19SI) AppleWebKit/537.36 (KHTML, like Gecko) Chrome/109.0.0.0 Mobile Safari/537.36"
104.248.144.165 - - [04/Feb/2026:15:25:53 -0600] "GET /wp-content/themes/ccx/index.php HTTP/1.1" 301 302 "-" "Mozilla/5.0 (Linux; Android 11; M2010J19SI) AppleWebKit/537.36 (KHTML, like Gecko) Chrome/109.0.0.0 Mobile Safari/537.36"
104.248.144.165 - - [04/Feb/2026:15:25:56 -0600] "GET /wp-content/uploads/2017-------/09/wp-console.php HTTP/1.1" 301 319 "-" "Mozilla/5.0 (Linux; Android 11; M2010J19SI) AppleWebKit/537.36 (KHTML, like Gecko) Chrome/109.0.0.0 Mobile Safari/537.36"
104.248.144.165 - - [04/Feb/2026:15:25:58 -0600] "GET /wp-includes/js/crop/uword.php HTTP/1.1" 301 300 "-" "Mozilla/5.0 (Linux; Android 11; M2010J19SI) AppleWebKit/537.36 (KHTML, like Gecko) Chrome/109.0.0.0 Mobile Safari/537.36"
104.248.144.165 - - [04/Feb/2026:15:26:00 -0600] "GET /wp-content/themes/bltm/wp-login.php HTTP/1.1" 301 306 "-" "Mozilla/5.0 (Linux; Android 11; M2010J19SI) AppleWebKit/537.36 (KHTML, like Gecko) Chrome/109.0.0.0 Mobile Safari/537.36"
104.248.144.165 - - [04/Feb/2026:15:26:02 -0600] "GET /autoload_classmap.php HTTP/1.1" 301 280 "-" "Mozilla/5.0 (Linux; Android 11; M2010J19SI) AppleWebKit/537.36 (KHTML, like Gecko) Chrome/109.0.0.0 Mobile Safari/537.36"
104.248.144.165 - - [04/Feb/2026:15:26:04 -0600] "GET /wp-content/uploads/2014/07/olx.php HTTP/1.1" 301 305 "-" "Mozilla/5.0 (Linux; Android 11; M2010J19SI) AppleWebKit/537.36 (KHTML, like Gecko) Chrome/109.0.0.0 Mobile Safari/537.36"
104.248.144.165 - - [04/Feb/2026:15:26:06 -0600] "GET /wp-admin/css/colors/midnight/index.php HTTP/1.1" 301 309 "-" "Mozilla/5.0 (Linux; Android 11; M2010J19SI) AppleWebKit/537.36 (KHTML, like Gecko) Chrome/109.0.0.0 Mobile Safari/537.36"
104.248.144.165 - - [04/Feb/2026:15:26:08 -0600] "GET /wp-content/uploads/2020/wp-couldent.php.suspected HTTP/1.1" 301 320 "-" "Mozilla/5.0 (Linux; Android 11; M2010J19SI) AppleWebKit/537.36 (KHTML, like Gecko) Chrome/109.0.0.0 Mobile Safari/537.36"
104.248.144.165 - - [04/Feb/2026:15:26:10 -0600] "GET /wp-content/plugins/523453244/ninja.php HTTP/1.1" 301 309 "-" "Mozilla/5.0 (Linux; Android 11; M2010J19SI) AppleWebKit/537.36 (KHTML, like Gecko) Chrome/109.0.0.0 Mobile Safari/537.36"
104.248.144.165 - - [04/Feb/2026:15:26:13 -0600] "GET /wp-includes/js/imgareaselect/index.php HTTP/1.1" 301 309 "-" "Mozilla/5.0 (Linux; Android 11; M2010J19SI) AppleWebKit/537.36 (KHTML, like Gecko) Chrome/109.0.0.0 Mobile Safari/537.36"
104.248.144.165 - - [04/Feb/2026:15:26:15 -0600] "GET /wp-includes/PHPMailer/load.php HTTP/1.1" 301 301 "-" "Mozilla/5.0 (Linux; Android 11; M2010J19SI) AppleWebKit/537.36 (KHTML, like Gecko) Chrome/109.0.0.0 Mobile Safari/537.36"
104.248.144.165 - - [04/Feb/2026:15:26:17 -0600] "GET /wp-links.php HTTP/1.1" 301 280 "-" "Mozilla/5.0 (Linux; Android 11; M2010J19SI) AppleWebKit/537.36 (KHTML, like Gecko) Chrome/109.0.0.0 Mobile Safari/537.36"
104.248.144.165 - - [04/Feb/2026:15:26:19 -0600] "GET /wp-aa.php HTTP/1.1" 301 280 "-" "Mozilla/5.0 (Linux; Android 11; M2010J19SI) AppleWebKit/537.36 (KHTML, like Gecko) Chrome/109.0.0.0 Mobile Safari/537.36"
91.231.89.35 - - [04/Feb/2026:15:26:20 -0600] "GET /view-box_2021/ HTTP/1.1" 301 285 "-" "Mozilla/5.0 (X11; Ubuntu; Linux x86_64; rv:134.0) Gecko/20100101 Firefox/134.0"
104.248.144.165 - - [04/Feb/2026:15:26:21 -0600] "GET /wp-content/themes/travelscape/json.php HTTP/1.1" 301 309 "-" "Mozilla/5.0 (Linux; Android 11; M2010J19SI) AppleWebKit/537.36 (KHTML, like Gecko) Chrome/109.0.0.0 Mobile Safari/537.36"
104.248.144.165 - - [04/Feb/2026:15:26:23 -0600] "GET /wp-content/themes/travel/issue.php HTTP/1.1" 301 305 "-" "Mozilla/5.0 (Linux; Android 11; M2010J19SI) AppleWebKit/537.36 (KHTML, like Gecko) Chrome/109.0.0.0 Mobile Safari/537.36"
104.248.144.165 - - [04/Feb/2026:15:26:25 -0600] "GET /about.php HTTP/1.1" 301 280 "-" "Mozilla/5.0 (Linux; Android 11; M2010J19SI) AppleWebKit/537.36 (KHTML, like Gecko) Chrome/109.0.0.0 Mobile Safari/537.36"
104.248.144.165 - - [04/Feb/2026:15:26:27 -0600] "GET /xx.php HTTP/1.1" 301 280 "-" "Mozilla/5.0 (Linux; Android 11; M2010J19SI) AppleWebKit/537.36 (KHTML, like Gecko) Chrome/109.0.0.0 Mobile Safari/537.36"
104.248.144.165 - - [04/Feb/2026:15:26:30 -0600] "GET /wp-content/themes/digital-download/new.php HTTP/1.1" 301 313 "-" "Mozilla/5.0 (Linux; Android 11; M2010J19SI) AppleWebKit/537.36 (KHTML, like Gecko) Chrome/109.0.0.0 Mobile Safari/537.36"
104.248.144.165 - - [04/Feb/2026:15:26:32 -0600] "GET /epinyins.php HTTP/1.1" 301 280 "-" "Mozilla/5.0 (Linux; Android 11; M2010J19SI) AppleWebKit/537.36 (KHTML, like Gecko) Chrome/109.0.0.0 Mobile Safari/537.36"
